 by 64.
52
Calculate the remainder when 13864 is divided by 245.
144
What is the remainder when 9794 is divided by 41?
36
Calculate the remainder when 12247 is divided by 1743.
46
What is the remainder when 50590 is divided by 10107?
55
Calculate the remainder when 207495 is divided by 77.
57
Calculate the remainder when 42585 is divided by 26.
23
Calculate the remainder when 59278 is divided by 247.
245
Calculate the remainder when 17560 is divided by 975.
10
Calculate the remainder when 3771 is divided by 46.
45
Calculate the remainder when 303610 is divided by 45.
40
Calculate the remainder when 41876 is divided by 283.
275
Calculate the remainder when 15639 is divided by 3112.
79
What is the remainder when 8603 is divided by 151?
147
What is the remainder when 9174 is divided by 1146?
6
Calculate the remainder when 9550 is divided by 3035.
445
What is the remainder when 4917 is divided by 1198?
125
What is the remainder when 63708 is divided by 595?
43
What is the remainder when 25198 is divided by 17?
4
Calculate the remainder when 6638 is divided by 10.
8
What is the remainder when 69401 is divided by 69369?
32
What is the remainder when 520073 is divided by 61?
48
Calculate the remainder when 6058 is divided by 785.
563
What is the remainder when 17578 is divided by 816?
442
What is the remainder when 43984 is divided by 1201?
748
What is the remainder when 144690 is divided by 215?
210
What is the remainder when 89639 is divided by 166?
165
What is the remainder when 601 is divided by 61?
52
Calculate the remainder when 1026 is divided by 42.
18
What is the remainder when 602940 is divided by 3699?
3
What is the remainder when 326297 is divided by 21?
20
What is the remainder when 28047 is divided by 1666?
1391
Calculate the remainder when 6489 is divided by 406.
399
What is the remainder when 1678740 is divided by 54?
42
What is the remainder when 3558 is divided by 5?
3
What is the remainder when 20674 is divided by 10329?
16
What is the remainder when 43521 is divided by 31?
28
What is the remainder when 13741 is divided by 7?
0
What is the remainder when 50370 is divided by 9972?
510
What is the remainder when 335841 is divided by 171?
168
Calculate the remainder when 211 is divided by 141.
70
What is the remainder when 31824 is divided by 5?
4
Calculate the remainder when 151198 is divided by 36.
34
Calculate the remainder when 75414 is divided by 3969.
3
What is the remainder when 2145359 is divided by 8?
7
What is the remainder when 21339 is divided by 46?
41
Calculate the remainder when 8462 is divided by 75.
62
What is the remainder when 5641 is divided by 60?
1
What is the remainder when 137341 is divided by 141?
7
Calculate the remainder when 730279 is divided by 1063.
1061
What is the remainder when 73701 is divided by 3348?
45
What is the remainder when 18442 is divided by 985?
712
Calculate the remainder when 16284 is divided by 5264.
492
Calculate the remainder when 305405 is divided by 18.
17
What is the remainder when 22170 is divided by 41?
30
Calculate the remainder when 29814 is divided by 128.
118
What is the remainder when 2270 is divided by 1129?
12
Calculate the remainder when 237829 is divided by 170.
169
What is the remainder when 203761 is divided by 143?
129
What is the remainder when 5639314 is divided by 71?
68
What is the remainder when 68830 is divided by 850?
830
Calculate the remainder when 6188 is divided by 517.
501
What is the remainder when 18322 is divided by 18305?
17
Calculate the remainder when 3828 is divided by 78.
6
What is the remainder when 1246 is divided by 42?
28
Calculate the remainder when 161333 is divided by 1204.
1201
Calculate the remainder when 14379 is divided by 22.
13
What is the remainder when 266 is divided by 252?
14
Calculate the remainder when 46263 is divided by 1596.
1575
Calculate the remainder when 360 is divided by 259.
101
Calculate the remainder when 104291 is divided by 1829.
38
What is the remainder when 80261 is divided by 20063?
9
Calculate the remainder when 11226 is divided by 70.
26
Calculate the remainder when 10458 is divided by 9808.
650
Calculate the remainder when 28435 is divided by 177.
115
Calculate the remainder when 10502 is divided by 26.
24
What is the remainder when 1128 is divided by 240?
168
What is the remainder when 151507 is divided by 321?
316
Calculate the remainder when 405489 is divided by 86.
85
What is the remainder when 3651 is divided by 91?
11
What is the remainder when 2382 is divided by 66?
6
What is the remainder when 142435 is divided by 47478?
1
Calculate the remainder when 55079 is divided by 254.
215
Calculate the remainder when 3795 is divided by 1200.
195
What is the remainder when 19526 is divided by 279?
275
What is the remainder when 19649 is divided by 501?
110
What is the remainder when 3629 is divided by 181?
9
Calculate the remainder when 1671 is divided by 74.
43
Calculate the remainder when 746 is divided by 208.
122
Calculate the remainder when 4950 is divided by 1040.
790
What is the remainder when 7764 is divided by 7725?
39
What is the remainder when 162245 is divided by 244?
229
What is the remainder when 17053 is divided by 9?
7
Calculate the remainder when 20372 is divided by 453.
440
Calculate the remainder when 1687 is divided by 532.
91
Calculate the remainder when 660302 is divided by 43.
37
What is the remainder when 1247 is divided by 460?
327
What is the remainder when 53569 is divided by 186?
1
Calculate the remainder when 322676 is divided by 115.
101
What is the remainder when 7210 is divided by 103?
0
What is the remainder when 127335 is divided by 561?
549
Calculate the remainder when 617 is divided by 449.
168
What is the remainder when 85339 is divided by 87?
79
Calculate the remainder when 4542 is divided by 28.
6
What is the remainder when 32425 is divided by 530?
95
Calculate the remainder when 5264 is divided by 249.
35
What is the remainder when 23847 is divided by 883?
6
Calculate the remainder when 13643 is divided by 284.
11
Calculate the remainder when 3100 is divided by 64.
28
Calculate the remainder when 6513 is divided by 300.
213
What is the remainder when 7083 is divided by 355?
338
Calculate the remainder when 14461 is divided by 2023.
300
What is the remainder when 1597 is divided by 181?
149
Calculate the remainder when 127663 is divided by 45.
43
Calculate the remainder when 271243 is divided by 1654.
1641
Calculate the remainder when 4330 is divided by 1068.
58
What is the remainder when 54740 is divided by 18236?
32
Calculate the remainder when 6988 is divided by 37.
32
What is the remainder when 2516615 is divided by 216?
215
Calculate the remainder when 4638 is divided by 20.
18
Calculate the remainder when 8647 is divided by 75.
22
What is the remainder when 27777 is divided by 174?
111
Calculate the remainder when 889 is divided by 438.
13
Calculate the remainder when 33041 is divided by 4719.
8
What is the remainder when 262 is divided by 3?
1
What is the remainder when 2830 is divided by 1392?
46
Calculate the remainder when 2303482 is divided by 57.
55
Calculate the remainder when 20615 is divided by 20578.
37
Calculate the remainder when 1830814 is divided by 17.
16
What is the remainder when 19510 is divided by 926?
64
What is the remainder when 13863 is divided by 318?
189
What is the remainder when 5473 is divided by 365?
363
What is the remainder when 6518 is divided by 351?
200
Calculate the remainder when 57338 is divided by 29.
5
What is the remainder when 287664 is divided by 32?
16
What is the remainder when 78809 is divided by 26266?
11
Calculate the remainder when 1674 is divided by 66.
24
Calculate the remainder when 2497 is divided by 32.
1
Calculate the remainder when 4393 is divided by 90.
73
Calculate the remainder when 5258 is divided by 304.
90
Calculate the remainder when 15998 is divided by 69.
59
Calculate the remainder when 73320 is divided by 341.
5
What is the remainder when 42799 is divided by 629?
27
What is the remainder when 21568 is divided by 10?
8
Calculate the remainder when 4531 is divided by 411.
10
Calculate the remainder when 135750 is divided by 33932.
22
What is the remainder when 50402 is divided by 85?
82
What is the rema